{"id":251,"date":"2021-06-09T15:22:02","date_gmt":"2021-06-09T18:22:02","guid":{"rendered":"https:\/\/rmarqcollection.com.br\/?post_type=product&#038;p=251"},"modified":"2026-02-15T16:57:07","modified_gmt":"2026-02-15T19:57:07","slug":"bolsa-praia-clube-impermeavel","status":"publish","type":"product","link":"https:\/\/rmarqcollection.com.br\/?product=bolsa-praia-clube-impermeavel","title":{"rendered":"Bolsa Feminina Imperme\u00e1vel Folhas e Flores RMarq Collection"},"content":{"rendered":"<p>Bem-vindo (a) a nossa loja! Queremos proporcionar a voc\u00ea o que h\u00e1 de melhor. Todos os nossos produtos s\u00e3o confeccionados visando a qualidade e o conforto sempre com o objetivo de satisfazer voc\u00ea.<br \/>\nA RMarq Collection produz e comercializa este produto visando sempre a melhor qualidade, beleza e o estilo.<\/p>\n<p>Bolsa al\u00e7a ombro feminina, feita de tecido imperme\u00e1vel, na cor bege com desenho folhas e flores. Forrada internamente com nylon 70 resinado. Al\u00e7as de polipropileno na cor preto com (35 cm) de altura e 3 cm largura. Fecho de z\u00edper na cor preto. Bolsos externo e interno.<br \/>\nUma \u00f3tima op\u00e7\u00e3o para os seus momentos de lazer, pois por ser imperme\u00e1vel resiste aos respingos de \u00e1gua e \u00e0 umidade externa,\u00a0 evitando molhar os seus objetos internamente.<br \/>\nIdeal \u00a0 para uso\u00a0 em clube, praia e em diversos ambientes. <a href=\"https:\/\/youtube.com\/shorts\/GI-PEt4GLSY?feature=share\"><strong><span style=\"color: #3366ff;\">V\u00eddeo<\/span><\/strong><\/a><\/p>\n<p>Obs. Imagem com objetos no bolso &#8216;ilustra\u00e7\u00e3o&#8217;, n\u00e3o acompanha a bolsa.<\/p>\n<p><strong>Informa\u00e7\u00f5es t\u00e9cnicas:<\/strong><br \/>\nModelo: Bolsa de ombro feminina<img data-recalc-dims=\"1\" loading=\"lazy\" decoding=\"async\" class=\"size-medium wp-image-4989 alignright\" src=\"https:\/\/i0.wp.com\/rmarqcollection.com.br\/wp-content\/uploads\/2024\/02\/medidas-marfim.jpg?resize=300%2C300&#038;ssl=1\" alt=\"\" width=\"300\" height=\"300\" srcset=\"https:\/\/i0.wp.com\/rmarqcollection.com.br\/wp-content\/uploads\/2024\/02\/medidas-marfim.jpg?resize=300%2C300&amp;ssl=1 300w, https:\/\/i0.wp.com\/rmarqcollection.com.br\/wp-content\/uploads\/2024\/02\/medidas-marfim.jpg?resize=100%2C100&amp;ssl=1 100w, https:\/\/i0.wp.com\/rmarqcollection.com.br\/wp-content\/uploads\/2024\/02\/medidas-marfim.jpg?resize=600%2C600&amp;ssl=1 600w, https:\/\/i0.wp.com\/rmarqcollection.com.br\/wp-content\/uploads\/2024\/02\/medidas-marfim.jpg?resize=1024%2C1024&amp;ssl=1 1024w, https:\/\/i0.wp.com\/rmarqcollection.com.br\/wp-content\/uploads\/2024\/02\/medidas-marfim.jpg?resize=150%2C150&amp;ssl=1 150w, https:\/\/i0.wp.com\/rmarqcollection.com.br\/wp-content\/uploads\/2024\/02\/medidas-marfim.jpg?resize=768%2C768&amp;ssl=1 768w, https:\/\/i0.wp.com\/rmarqcollection.com.br\/wp-content\/uploads\/2024\/02\/medidas-marfim.jpg?w=1500&amp;ssl=1 1500w, https:\/\/i0.wp.com\/rmarqcollection.com.br\/wp-content\/uploads\/2024\/02\/medidas-marfim.jpg?w=1280&amp;ssl=1 1280w\" sizes=\"auto, (max-width: 300px) 100vw, 300px\" \/><br \/>\nMaterial: Tecido imperme\u00e1vel<br \/>\nCor: Bege com desenho folhas e flores<br \/>\nForro: Nylon 70 resinado<br \/>\nPeso: 130 g<br \/>\nLargura abertura : 42 cm<br \/>\nComprimento\/\/ Altura: 30 cm<br \/>\nLargura fundo: 10 cm<br \/>\nAbertura e fechamento: Z\u00edper<br \/>\nAl\u00e7a: 37 cm altura e 3 cm largura<br \/>\nBolso: externo e interno<\/p>\n<p>Cuide bem do seu produto para que tenha uma boa durabilidade.<br \/>\nProduzido e comercializado por RMarq Collection.<br \/>\nGarantia do Fabricante: Contra defeitos de fabrica\u00e7\u00e3o; 30 dias.<br \/>\n<span style=\"color: #0000ff;\"><strong><a style=\"color: #0000ff;\" href=\"https:\/\/rmarqcollection.com.br\/?page_id=238\">Estamos a disposi\u00e7\u00e3o para atender \u00e0s suas d\u00favidas.<\/a><\/strong><\/span><\/p>\n","protected":false},"excerpt":{"rendered":"<h6><span style=\"color: #0000ff;\"><a style=\"color: #0000ff;\" href=\"https:\/\/rmarqcollection.com.br\/?page_id=1849\"><strong>Em 12x confira formas de pagamentos<\/strong><\/a><\/span><\/h6>\n<h6><strong>Tecido imperme\u00e1vel, al\u00e7a ombro e fecho z\u00edper. Moda praia clube.<br \/>\n<a href=\"https:\/\/rmarqcollection.com.br\/?p=800\"><span style=\"color: #3366ff;\">V\u00eddeo<\/span><\/a><\/strong><\/h6>\n","protected":false},"featured_media":5659,"comment_status":"open","ping_status":"closed","template":"","meta":{"jetpack_publicize_message":"","jetpack_publicize_feature_enabled":true,"jetpack_social_post_already_shared":false,"jetpack_social_options":{"image_generator_settings":{"template":"highway","default_image_id":0,"font":"","enabled":false},"version":2}},"product_brand":[509],"product_cat":[376,31],"product_tag":[168,481,169,480,170,378,377,369,368],"class_list":{"0":"post-251","1":"product","2":"type-product","3":"status-publish","6":"product_brand-rmarq-collection","7":"product_cat-bolsas-femininas","8":"product_cat-bolsa-impermeavel","9":"product_tag-bolsa","10":"product_tag-bolsa-bege","11":"product_tag-bolsa-feminina","12":"product_tag-bolsa-flores-e-folhas","13":"product_tag-bolsa-impermeavel","14":"product_tag-bolsa-ombro","15":"product_tag-bolsa-praia-clube","16":"product_tag-bolsa-tecido","17":"product_tag-bolsas","19":"first","20":"instock","21":"sale","22":"taxable","23":"shipping-taxable","24":"purchasable","25":"product-type-simple"},"aioseo_notices":[],"jetpack_publicize_connections":[],"jetpack-related-posts":[{"id":1189,"url":"https:\/\/rmarqcollection.com.br\/?product=bolsa-tecido-impermeavel-alca-ombro-praia-clube-diversas-ocasioes","url_meta":{"origin":251,"position":0},"title":"Bolsa Feminina Imperme\u00e1vel Listrada Ombro RMarq Collection","author":"cole\u00e7\u00e3o rmarq","date":"07\/02\/2022","format":false,"excerpt":"Em 12x confira formas de pagamentos. Resistente a respingos de \u00e1gua. Praia, clube e diversos momentos. V\u00eddeo","rel":"","context":"Post similar","block_context":{"text":"Post similar","link":""},"img":{"alt_text":"","src":"https:\/\/i0.wp.com\/rmarqcollection.com.br\/wp-content\/uploads\/2022\/02\/Bolsa-impermeavel-listrada-2.png?fit=1200%2C1200&ssl=1&resize=350%2C200","width":350,"height":200,"srcset":"https:\/\/i0.wp.com\/rmarqcollection.com.br\/wp-content\/uploads\/2022\/02\/Bolsa-impermeavel-listrada-2.png?fit=1200%2C1200&ssl=1&resize=350%2C200 1x, https:\/\/i0.wp.com\/rmarqcollection.com.br\/wp-content\/uploads\/2022\/02\/Bolsa-impermeavel-listrada-2.png?fit=1200%2C1200&ssl=1&resize=525%2C300 1.5x, https:\/\/i0.wp.com\/rmarqcollection.com.br\/wp-content\/uploads\/2022\/02\/Bolsa-impermeavel-listrada-2.png?fit=1200%2C1200&ssl=1&resize=700%2C400 2x, https:\/\/i0.wp.com\/rmarqcollection.com.br\/wp-content\/uploads\/2022\/02\/Bolsa-impermeavel-listrada-2.png?fit=1200%2C1200&ssl=1&resize=1050%2C600 3x"},"classes":[]},{"id":3100,"url":"https:\/\/rmarqcollection.com.br\/?product=bolsa-feminina-tecido-impermeavel-praia-clube-alca-ombro-estampa-folhas","url_meta":{"origin":251,"position":1},"title":"Bolsa Feminina Imperme\u00e1vel Estampa Azul Folhas RMarq Collection","author":"cole\u00e7\u00e3o rmarq","date":"23\/09\/2022","format":false,"excerpt":"Em 12x confira formas de pagamentos. Tecido imperme\u00e1vel, al\u00e7a ombro e fecho z\u00edper. Moda praia clube. V\u00eddeo","rel":"","context":"Post similar","block_context":{"text":"Post similar","link":""},"img":{"alt_text":"","src":"https:\/\/i0.wp.com\/rmarqcollection.com.br\/wp-content\/uploads\/2022\/09\/bolsa-impermeavel-azul-piscina-1.png?fit=1200%2C1200&ssl=1&resize=350%2C200","width":350,"height":200,"srcset":"https:\/\/i0.wp.com\/rmarqcollection.com.br\/wp-content\/uploads\/2022\/09\/bolsa-impermeavel-azul-piscina-1.png?fit=1200%2C1200&ssl=1&resize=350%2C200 1x, https:\/\/i0.wp.com\/rmarqcollection.com.br\/wp-content\/uploads\/2022\/09\/bolsa-impermeavel-azul-piscina-1.png?fit=1200%2C1200&ssl=1&resize=525%2C300 1.5x, https:\/\/i0.wp.com\/rmarqcollection.com.br\/wp-content\/uploads\/2022\/09\/bolsa-impermeavel-azul-piscina-1.png?fit=1200%2C1200&ssl=1&resize=700%2C400 2x, https:\/\/i0.wp.com\/rmarqcollection.com.br\/wp-content\/uploads\/2022\/09\/bolsa-impermeavel-azul-piscina-1.png?fit=1200%2C1200&ssl=1&resize=1050%2C600 3x"},"classes":[]},{"id":4975,"url":"https:\/\/rmarqcollection.com.br\/?product=bolsa-impermeavel-ombro-rmarqcollection-cor-linho-preto-moda-praia-clube","url_meta":{"origin":251,"position":2},"title":"Bolsa Feminina Imperme\u00e1vel Preta RMarq Collection Praia Clube","author":"cole\u00e7\u00e3o rmarq","date":"19\/02\/2024","format":false,"excerpt":"Em 12x confira formas de pagamentos Tecido imperme\u00e1vel, al\u00e7a ombro e\u00a0 fecho z\u00edper. Moda praia clube. V\u00eddeo","rel":"","context":"Post similar","block_context":{"text":"Post similar","link":""},"img":{"alt_text":"","src":"https:\/\/i0.wp.com\/rmarqcollection.com.br\/wp-content\/uploads\/2024\/02\/bolsa-linho-preto-1.png?fit=1200%2C1200&ssl=1&resize=350%2C200","width":350,"height":200,"srcset":"https:\/\/i0.wp.com\/rmarqcollection.com.br\/wp-content\/uploads\/2024\/02\/bolsa-linho-preto-1.png?fit=1200%2C1200&ssl=1&resize=350%2C200 1x, https:\/\/i0.wp.com\/rmarqcollection.com.br\/wp-content\/uploads\/2024\/02\/bolsa-linho-preto-1.png?fit=1200%2C1200&ssl=1&resize=525%2C300 1.5x, https:\/\/i0.wp.com\/rmarqcollection.com.br\/wp-content\/uploads\/2024\/02\/bolsa-linho-preto-1.png?fit=1200%2C1200&ssl=1&resize=700%2C400 2x, https:\/\/i0.wp.com\/rmarqcollection.com.br\/wp-content\/uploads\/2024\/02\/bolsa-linho-preto-1.png?fit=1200%2C1200&ssl=1&resize=1050%2C600 3x"},"classes":[]},{"id":4983,"url":"https:\/\/rmarqcollection.com.br\/?product=bolsa-tecido-impermeavel-ombro-falso-liso-cor-marfim-rmarqcollection-moda-praia-clube","url_meta":{"origin":251,"position":3},"title":"Bolsa Feminina Imperme\u00e1vel Marfim RMarq Collection Praia Clube","author":"cole\u00e7\u00e3o rmarq","date":"19\/02\/2024","format":false,"excerpt":"Em 12x confira formas de pagamentos Tecido imperme\u00e1vel, al\u00e7a ombro e fecho z\u00edper. Moda praia clube. V\u00eddeo","rel":"","context":"Post similar","block_context":{"text":"Post similar","link":""},"img":{"alt_text":"","src":"https:\/\/i0.wp.com\/rmarqcollection.com.br\/wp-content\/uploads\/2024\/02\/bolsa-falso-liso-marfim-1.png?fit=1200%2C1200&ssl=1&resize=350%2C200","width":350,"height":200,"srcset":"https:\/\/i0.wp.com\/rmarqcollection.com.br\/wp-content\/uploads\/2024\/02\/bolsa-falso-liso-marfim-1.png?fit=1200%2C1200&ssl=1&resize=350%2C200 1x, https:\/\/i0.wp.com\/rmarqcollection.com.br\/wp-content\/uploads\/2024\/02\/bolsa-falso-liso-marfim-1.png?fit=1200%2C1200&ssl=1&resize=525%2C300 1.5x, https:\/\/i0.wp.com\/rmarqcollection.com.br\/wp-content\/uploads\/2024\/02\/bolsa-falso-liso-marfim-1.png?fit=1200%2C1200&ssl=1&resize=700%2C400 2x, https:\/\/i0.wp.com\/rmarqcollection.com.br\/wp-content\/uploads\/2024\/02\/bolsa-falso-liso-marfim-1.png?fit=1200%2C1200&ssl=1&resize=1050%2C600 3x"},"classes":[]},{"id":4991,"url":"https:\/\/rmarqcollection.com.br\/?product=bolsa-tecido-impermeavel-ombro-rmarqcollection-estampa-coqueiros-cru-moda-praia-clube","url_meta":{"origin":251,"position":4},"title":"Bolsa Feminina Imperme\u00e1vel Estampa Coqueiros RMarq Collection","author":"cole\u00e7\u00e3o rmarq","date":"19\/02\/2024","format":false,"excerpt":"Em 12x confira formas de pagamentos Tecido imperme\u00e1vel, al\u00e7a ombro e fecho z\u00edper. Moda praia clube. V\u00eddeo","rel":"","context":"Post similar","block_context":{"text":"Post similar","link":""},"img":{"alt_text":"","src":"https:\/\/i0.wp.com\/rmarqcollection.com.br\/wp-content\/uploads\/2024\/02\/bolsa-coqueiro-cru-1.png?fit=1197%2C1200&ssl=1&resize=350%2C200","width":350,"height":200,"srcset":"https:\/\/i0.wp.com\/rmarqcollection.com.br\/wp-content\/uploads\/2024\/02\/bolsa-coqueiro-cru-1.png?fit=1197%2C1200&ssl=1&resize=350%2C200 1x, https:\/\/i0.wp.com\/rmarqcollection.com.br\/wp-content\/uploads\/2024\/02\/bolsa-coqueiro-cru-1.png?fit=1197%2C1200&ssl=1&resize=525%2C300 1.5x, https:\/\/i0.wp.com\/rmarqcollection.com.br\/wp-content\/uploads\/2024\/02\/bolsa-coqueiro-cru-1.png?fit=1197%2C1200&ssl=1&resize=700%2C400 2x, https:\/\/i0.wp.com\/rmarqcollection.com.br\/wp-content\/uploads\/2024\/02\/bolsa-coqueiro-cru-1.png?fit=1197%2C1200&ssl=1&resize=1050%2C600 3x"},"classes":[]},{"id":1214,"url":"https:\/\/rmarqcollection.com.br\/?product=bolsa-feminina-ombro-material-sintetico-preto-detalhe-couro-vermelho","url_meta":{"origin":251,"position":5},"title":"Bolsa Feminina Couro Sint\u00e9tico Preto Ombro RMarq Collection","author":"cole\u00e7\u00e3o rmarq","date":"28\/03\/2022","format":false,"excerpt":"Em 12x confira formas de pagamentos. Al\u00e7as cor preto e detalhe vermelho, metal, rebite n\u00edquel, fecho z\u00edper e bolsos. V\u00eddeo","rel":"","context":"Post similar","block_context":{"text":"Post similar","link":""},"img":{"alt_text":"","src":"https:\/\/i0.wp.com\/rmarqcollection.com.br\/wp-content\/uploads\/2022\/03\/Bolsa-Preta-Sintetica-1.png?fit=1200%2C1200&ssl=1&resize=350%2C200","width":350,"height":200,"srcset":"https:\/\/i0.wp.com\/rmarqcollection.com.br\/wp-content\/uploads\/2022\/03\/Bolsa-Preta-Sintetica-1.png?fit=1200%2C1200&ssl=1&resize=350%2C200 1x, https:\/\/i0.wp.com\/rmarqcollection.com.br\/wp-content\/uploads\/2022\/03\/Bolsa-Preta-Sintetica-1.png?fit=1200%2C1200&ssl=1&resize=525%2C300 1.5x, https:\/\/i0.wp.com\/rmarqcollection.com.br\/wp-content\/uploads\/2022\/03\/Bolsa-Preta-Sintetica-1.png?fit=1200%2C1200&ssl=1&resize=700%2C400 2x, https:\/\/i0.wp.com\/rmarqcollection.com.br\/wp-content\/uploads\/2022\/03\/Bolsa-Preta-Sintetica-1.png?fit=1200%2C1200&ssl=1&resize=1050%2C600 3x"},"classes":[]}],"jetpack_likes_enabled":true,"jetpack_sharing_enabled":true,"_links":{"self":[{"href":"https:\/\/rmarqcollection.com.br\/index.php?rest_route=\/wp\/v2\/product\/251","targetHints":{"allow":["GET"]}}],"collection":[{"href":"https:\/\/rmarqcollection.com.br\/index.php?rest_route=\/wp\/v2\/product"}],"about":[{"href":"https:\/\/rmarqcollection.com.br\/index.php?rest_route=\/wp\/v2\/types\/product"}],"replies":[{"embeddable":true,"href":"https:\/\/rmarqcollection.com.br\/index.php?rest_route=%2Fwp%2Fv2%2Fcomments&post=251"}],"wp:featuredmedia":[{"embeddable":true,"href":"https:\/\/rmarqcollection.com.br\/index.php?rest_route=\/wp\/v2\/media\/5659"}],"wp:attachment":[{"href":"https:\/\/rmarqcollection.com.br\/index.php?rest_route=%2Fwp%2Fv2%2Fmedia&parent=251"}],"wp:term":[{"taxonomy":"product_brand","embeddable":true,"href":"https:\/\/rmarqcollection.com.br\/index.php?rest_route=%2Fwp%2Fv2%2Fproduct_brand&post=251"},{"taxonomy":"product_cat","embeddable":true,"href":"https:\/\/rmarqcollection.com.br\/index.php?rest_route=%2Fwp%2Fv2%2Fproduct_cat&post=251"},{"taxonomy":"product_tag","embeddable":true,"href":"https:\/\/rmarqcollection.com.br\/index.php?rest_route=%2Fwp%2Fv2%2Fproduct_tag&post=251"}],"curies":[{"name":"wp","href":"https:\/\/api.w.org\/{rel}","templated":true}]}}