{"id":7462,"date":"2026-01-19T17:18:59","date_gmt":"2026-01-19T20:18:59","guid":{"rendered":"https:\/\/rmarqcollection.com.br\/?post_type=product&#038;p=7462"},"modified":"2026-02-15T15:33:12","modified_gmt":"2026-02-15T18:33:12","slug":"bracelete-pulseira-feminino-couro-genuino-strass-rmarq-collection","status":"publish","type":"product","link":"https:\/\/rmarqcollection.com.br\/?product=bracelete-pulseira-feminino-couro-genuino-strass-rmarq-collection","title":{"rendered":"Bracelete Pulseira Feminino Couro Genu\u00edno Strass RMarq Collection"},"content":{"rendered":"<p>Bem-vindo (a) a nossa loja! Queremos proporcionar a voc\u00ea o que h\u00e1 de melhor.<br \/>\nTodos os nossos produtos s\u00e3o confeccionados visando a qualidade e o conforto sempre com o objetivo de satisfazer voc\u00ea.<\/p>\n<p><strong>Braceletes\/pulseiras femininas<\/strong>\u00a0s\u00e3o confeccionadas com material couro genu\u00edno, forradas internamente, com<br \/>\ncosturas vis\u00edveis na borda \u00e0 m\u00e1quina, adornos em strass, rebites e fecho em corrente com mosquete.<br \/>\nCorrente com mosquete na ponta para regulagem na circunfer\u00eancia do pulso. Sendo poss\u00edvel a ajustar entre as medidas (15 cm a 21 cm).<br \/>\nAcess\u00f3rios da moda ideal para o uso em diversas ocasi\u00f5es.<\/p>\n<p>Disponibilidade em tr\u00eas (4) varia\u00e7\u00f5es de cores a escolher. <strong><span style=\"color: #3366ff;\"><a style=\"color: #3366ff;\" href=\"https:\/\/youtu.be\/C81hRuSbtGk\">V\u00eddeo<\/a><\/span><\/strong><\/p>\n<p data-path-to-node=\"3,0,0\"><b data-path-to-node=\"3,0,0\" data-index-in-node=\"0\">\u00a0Couro Verde: strass e rebites n\u00edquel<\/b><\/p>\n<p data-path-to-node=\"3,1,0\"><b data-path-to-node=\"3,1,0\" data-index-in-node=\"0\">Couro Preto:<\/b> <b data-path-to-node=\"3,0,0\" data-index-in-node=\"0\">strass e rebites n\u00edquel<\/b><\/p>\n<p data-path-to-node=\"3,2,0\"><b data-path-to-node=\"3,2,0\" data-index-in-node=\"0\">Couro Bege escuro: strass e rebites n\u00edquel<\/b><\/p>\n<p data-path-to-node=\"3,2,0\"><strong>Couro Branco: strass e rebites n\u00edquel<\/strong><\/p>\n<p><strong>Caracter\u00edsticas:<\/strong><br \/>\nMaterial (1): Couro genu\u00edno<br \/>\nMaterial (2): Strass<br \/>\nMaterial (3): rebites e corrente<br \/>\nCores: Couro verde, couro preto, couro bege escuro<br \/>\nDetalhes: Strass e rebites n\u00edquel<br \/>\nFecho: corrente com mosquete n\u00edquel<br \/>\nRegulagem: mosquete e corrente n\u00edquel<br \/>\n<strong>Tamanho: Ajust\u00e1vel (15 cm a 21 cm)<\/strong><br \/>\n<strong>Largura: (0,85 cm)<\/strong><br \/>\nPeso: (0,070) g<br \/>\nG\u00eanero: Feminino<br \/>\nMarca: RMarq Collection<br \/>\nModelo: BRARM03<\/p>\n<p><strong>Importante fazer as medidas<\/strong> da circunfer\u00eancia do pulso ou verificar medidas de outra que voc\u00ea usa.<br \/>\nMedidas padronizadas para braceletes pulseiras que produzimos.<br \/>\nLembre-se que por ter v\u00e1rios gomos na corrente pode ser ajust\u00e1vel ao pulso para mais ou menos.<br \/>\nConfira as possibilidades nos ajustes vari\u00e1veis entre<strong>\u00a0(15 cm e 21 cm)<\/strong>.<br \/>\nAntes de efetuar o pedido, observar se as nossas medidas s\u00e3o adequadas para o uso.<\/p>\n<p><strong>Cuidados importantes:<\/strong><\/p>\n<p>O suor pode ocasionar umidade no couro e desgaste. Use um pano \u00famido para limpar o couro com muito cuidado, evitando pegar no strass.<\/p>\n<p>N\u00e3o esfregue o couro, pois pode causar ranhuras. Deixe secar naturalmente. N\u00e3o use produtos qu\u00edmicos em nenhum dos materiais.<\/p>\n<p>Os metais precisam sempre de cuidados para n\u00e3o oxidarem limpe com pano seco, papel toalha, sempre que usar.<\/p>\n<p><span class=\"T286Pc\" data-sfc-cp=\"\" data-processed=\"true\"><span dir=\"auto\" style=\"vertical-align: inherit;\"><span dir=\"auto\" style=\"vertical-align: inherit;\">Strass: Evite \u00e1gua e umidade, <\/span><\/span><\/span><span class=\"T286Pc\" data-sfc-cp=\"\" data-processed=\"true\"><span dir=\"auto\" style=\"vertical-align: inherit;\"><span dir=\"auto\" style=\"vertical-align: inherit;\">retire no banho, mar, piscina, na limpeza de utens\u00edlios, tarefas dom\u00e9sticas e atividades esportivas, pois o suar e a umidade facilita a oxida\u00e7\u00e3o do metal e o descolamento das pedras.<\/span><\/span><\/span><\/p>\n<p>Limpe com bastante cuidado e n\u00e3o esfregue o Strass para uma melhor conserva\u00e7\u00e3o.<br \/>\nProcure cuidar da limpeza deste produto sempre que usar para uma maior durabilidade<\/p>\n<p>Para conserva\u00e7\u00e3o do couro use produto dispon\u00edveis no mercado e evite passar no strass.<\/p>\n<p>Por se tratar de couro pode ocorrer pequenas varia\u00e7\u00f5es nos tons.<br \/>\nNas fotos podem ocorrer no brilho do strass pequenos reflexos da tonalidade do couro.<br \/>\nEm computadores diferentes, as imagens apresentam pequenas varia\u00e7\u00f5es em cores.<br \/>\nPortanto, n\u00e3o s\u00e3o considerados defeitos ou falta de informa\u00e7\u00f5es.<\/p>\n<p>Fabricado e comercializado pela RMarq Collection com todo cuidado e qualidade, visando sempre o melhor benef\u00edcio para voc\u00ea.<\/p>\n<p>Garantia do Fabricante: contra defeitos de fabrica\u00e7\u00e3o \/30 dias.<br \/>\n<a href=\"https:\/\/rmarqcollection.com.br\/?page_id=238\">Estamos a disposi\u00e7\u00e3o para atender \u00e0s suas d\u00favidas.<\/a><\/p>\n","protected":false},"excerpt":{"rendered":"<h4><span style=\"color: #3366ff;\"><a style=\"color: #3366ff;\" href=\"https:\/\/rmarqcollection.com.br\/?page_id=1849\"><strong>Em 12x confira formas de pagamentos.<\/strong><\/a><\/span><\/h4>\n<h6>Tamanho: Ajust\u00e1vel (15 cm a 21 cm)\/Largura: (0,85 cm)<br \/>\n<span style=\"color: #3366ff;\"><a style=\"color: #3366ff;\" href=\"https:\/\/rmarqcollection.com.br\/?p=7504\">V\u00eddeo<\/a><\/span><\/h6>\n","protected":false},"featured_media":7471,"comment_status":"open","ping_status":"closed","template":"","meta":{"jetpack_publicize_message":"","jetpack_publicize_feature_enabled":true,"jetpack_social_post_already_shared":true,"jetpack_social_options":{"image_generator_settings":{"template":"highway","default_image_id":0,"font":"","enabled":false},"version":2}},"product_brand":[509],"product_cat":[631],"product_tag":[445,684,682,679,594,450,633,635,681,634,683,446,680],"class_list":{"0":"post-7462","1":"product","2":"type-product","3":"status-publish","6":"product_brand-rmarq-collection","7":"product_cat-bracelete-feminino","8":"product_tag-bracelete","9":"product_tag-bracelete-bege-escuro","10":"product_tag-bracelete-branco","11":"product_tag-bracelete-com-strass","12":"product_tag-bracelete-couro-genuino","13":"product_tag-bracelete-de-couro","14":"product_tag-bracelete-feminino","15":"product_tag-bracelete-feminino-couro","16":"product_tag-bracelete-preto","17":"product_tag-bracelete-pulseira","18":"product_tag-bracelete-verde","19":"product_tag-braceletes","20":"product_tag-couro-e-strass","22":"first","23":"instock","24":"sale","25":"taxable","26":"shipping-taxable","27":"purchasable","28":"product-type-variable"},"aioseo_notices":[],"jetpack_publicize_connections":[],"jetpack-related-posts":[{"id":7226,"url":"https:\/\/rmarqcollection.com.br\/?product=bracelete-pulseira-feminino-couro-genuino-rmarq-collection","url_meta":{"origin":7462,"position":0},"title":"Bracelete Pulseira Feminino Couro Genu\u00edno RMarq Collection","author":"cole\u00e7\u00e3o rmarq","date":"28\/12\/2025","format":false,"excerpt":"Em 12x confira formas de pagamentos. Tamanho: Ajust\u00e1vel (15 cm a 21 cm)\/Largura: (1,4 cm) V\u00eddeo","rel":"","context":"Post similar","block_context":{"text":"Post similar","link":""},"img":{"alt_text":"","src":"https:\/\/i0.wp.com\/rmarqcollection.com.br\/wp-content\/uploads\/2025\/12\/braceletes-pulseiras-femininas-01.png?fit=1200%2C1200&ssl=1&resize=350%2C200","width":350,"height":200,"srcset":"https:\/\/i0.wp.com\/rmarqcollection.com.br\/wp-content\/uploads\/2025\/12\/braceletes-pulseiras-femininas-01.png?fit=1200%2C1200&ssl=1&resize=350%2C200 1x, https:\/\/i0.wp.com\/rmarqcollection.com.br\/wp-content\/uploads\/2025\/12\/braceletes-pulseiras-femininas-01.png?fit=1200%2C1200&ssl=1&resize=525%2C300 1.5x, https:\/\/i0.wp.com\/rmarqcollection.com.br\/wp-content\/uploads\/2025\/12\/braceletes-pulseiras-femininas-01.png?fit=1200%2C1200&ssl=1&resize=700%2C400 2x, https:\/\/i0.wp.com\/rmarqcollection.com.br\/wp-content\/uploads\/2025\/12\/braceletes-pulseiras-femininas-01.png?fit=1200%2C1200&ssl=1&resize=1050%2C600 3x"},"classes":[]},{"id":4601,"url":"https:\/\/rmarqcollection.com.br\/?product=bracelete-masculino-material-couro-rm502","url_meta":{"origin":7462,"position":1},"title":"Bracelete Pulseira Masculina Couro Fivela Ajust\u00e1vel RM502","author":"cole\u00e7\u00e3o rmarq","date":"27\/12\/2023","format":false,"excerpt":"Em 12x confira formas de pagamentos. Tamanho: Ajust\u00e1vel (16 cm a 22 cm)\/Largura: (2 cm) Bracelete com rebites e tran\u00e7a fixa no centro. V\u00eddeo","rel":"","context":"Post similar","block_context":{"text":"Post similar","link":""},"img":{"alt_text":"","src":"https:\/\/i0.wp.com\/rmarqcollection.com.br\/wp-content\/uploads\/2023\/12\/Braceletes-RM502.png?fit=1200%2C1200&ssl=1&resize=350%2C200","width":350,"height":200,"srcset":"https:\/\/i0.wp.com\/rmarqcollection.com.br\/wp-content\/uploads\/2023\/12\/Braceletes-RM502.png?fit=1200%2C1200&ssl=1&resize=350%2C200 1x, https:\/\/i0.wp.com\/rmarqcollection.com.br\/wp-content\/uploads\/2023\/12\/Braceletes-RM502.png?fit=1200%2C1200&ssl=1&resize=525%2C300 1.5x, https:\/\/i0.wp.com\/rmarqcollection.com.br\/wp-content\/uploads\/2023\/12\/Braceletes-RM502.png?fit=1200%2C1200&ssl=1&resize=700%2C400 2x, https:\/\/i0.wp.com\/rmarqcollection.com.br\/wp-content\/uploads\/2023\/12\/Braceletes-RM502.png?fit=1200%2C1200&ssl=1&resize=1050%2C600 3x"},"classes":[]},{"id":5446,"url":"https:\/\/rmarqcollection.com.br\/?product=bracelete-pulseira-masculina-couro-fivela-ajustavel-rm501","url_meta":{"origin":7462,"position":2},"title":"Bracelete Pulseira Masculina Couro Fivela Ajust\u00e1vel RM501","author":"cole\u00e7\u00e3o rmarq","date":"02\/04\/2024","format":false,"excerpt":"Em 12x confira formas de pagamentos. Tamanho: Ajust\u00e1vel (16 cm a 22 cm)\/Largura: (2,5 cm) V\u00eddeo","rel":"","context":"Post similar","block_context":{"text":"Post similar","link":""},"img":{"alt_text":"","src":"https:\/\/i0.wp.com\/rmarqcollection.com.br\/wp-content\/uploads\/2024\/04\/Braceletes-RM501.png?fit=1200%2C1200&ssl=1&resize=350%2C200","width":350,"height":200,"srcset":"https:\/\/i0.wp.com\/rmarqcollection.com.br\/wp-content\/uploads\/2024\/04\/Braceletes-RM501.png?fit=1200%2C1200&ssl=1&resize=350%2C200 1x, https:\/\/i0.wp.com\/rmarqcollection.com.br\/wp-content\/uploads\/2024\/04\/Braceletes-RM501.png?fit=1200%2C1200&ssl=1&resize=525%2C300 1.5x, https:\/\/i0.wp.com\/rmarqcollection.com.br\/wp-content\/uploads\/2024\/04\/Braceletes-RM501.png?fit=1200%2C1200&ssl=1&resize=700%2C400 2x, https:\/\/i0.wp.com\/rmarqcollection.com.br\/wp-content\/uploads\/2024\/04\/Braceletes-RM501.png?fit=1200%2C1200&ssl=1&resize=1050%2C600 3x"},"classes":[]},{"id":7202,"url":"https:\/\/rmarqcollection.com.br\/?product=bracelete-pulseira-masculino-cruz-couro-genuino-rmarq-collection","url_meta":{"origin":7462,"position":3},"title":"Bracelete Pulseira Masculino Cruz Couro Genu\u00edno RMarq Collection","author":"cole\u00e7\u00e3o rmarq","date":"26\/12\/2025","format":false,"excerpt":"Em 12x confira formas de pagamentos. Tamanho: Ajust\u00e1vel (16 cm a 21 cm)\/Largura: (2 cm) V\u00eddeos","rel":"","context":"Post similar","block_context":{"text":"Post similar","link":""},"img":{"alt_text":"","src":"https:\/\/i0.wp.com\/rmarqcollection.com.br\/wp-content\/uploads\/2025\/12\/bracelete-couro-marrom-escuro-cruz-linha-cinza-1.png?fit=1200%2C1200&ssl=1&resize=350%2C200","width":350,"height":200,"srcset":"https:\/\/i0.wp.com\/rmarqcollection.com.br\/wp-content\/uploads\/2025\/12\/bracelete-couro-marrom-escuro-cruz-linha-cinza-1.png?fit=1200%2C1200&ssl=1&resize=350%2C200 1x, https:\/\/i0.wp.com\/rmarqcollection.com.br\/wp-content\/uploads\/2025\/12\/bracelete-couro-marrom-escuro-cruz-linha-cinza-1.png?fit=1200%2C1200&ssl=1&resize=525%2C300 1.5x, https:\/\/i0.wp.com\/rmarqcollection.com.br\/wp-content\/uploads\/2025\/12\/bracelete-couro-marrom-escuro-cruz-linha-cinza-1.png?fit=1200%2C1200&ssl=1&resize=700%2C400 2x, https:\/\/i0.wp.com\/rmarqcollection.com.br\/wp-content\/uploads\/2025\/12\/bracelete-couro-marrom-escuro-cruz-linha-cinza-1.png?fit=1200%2C1200&ssl=1&resize=1050%2C600 3x"},"classes":[]},{"id":7221,"url":"https:\/\/rmarqcollection.com.br\/?product=bracelete-pulseira-masculino-couro-genuino-rmarq-collection","url_meta":{"origin":7462,"position":4},"title":"Bracelete Pulseira Masculino Couro Genu\u00edno RMarq Collection","author":"cole\u00e7\u00e3o rmarq","date":"26\/12\/2025","format":false,"excerpt":"Em 12x confira formas de pagamentos. Tamanho: Ajust\u00e1vel (16 cm a 21 cm)\/Largura: (2 cm) V\u00eddeo","rel":"","context":"Post similar","block_context":{"text":"Post similar","link":""},"img":{"alt_text":"","src":"https:\/\/i0.wp.com\/rmarqcollection.com.br\/wp-content\/uploads\/2025\/12\/bracelete-couro-marrom-escuro-ponto-linha-marrom-1.png?fit=1200%2C1200&ssl=1&resize=350%2C200","width":350,"height":200,"srcset":"https:\/\/i0.wp.com\/rmarqcollection.com.br\/wp-content\/uploads\/2025\/12\/bracelete-couro-marrom-escuro-ponto-linha-marrom-1.png?fit=1200%2C1200&ssl=1&resize=350%2C200 1x, https:\/\/i0.wp.com\/rmarqcollection.com.br\/wp-content\/uploads\/2025\/12\/bracelete-couro-marrom-escuro-ponto-linha-marrom-1.png?fit=1200%2C1200&ssl=1&resize=525%2C300 1.5x, https:\/\/i0.wp.com\/rmarqcollection.com.br\/wp-content\/uploads\/2025\/12\/bracelete-couro-marrom-escuro-ponto-linha-marrom-1.png?fit=1200%2C1200&ssl=1&resize=700%2C400 2x, https:\/\/i0.wp.com\/rmarqcollection.com.br\/wp-content\/uploads\/2025\/12\/bracelete-couro-marrom-escuro-ponto-linha-marrom-1.png?fit=1200%2C1200&ssl=1&resize=1050%2C600 3x"},"classes":[]},{"id":4555,"url":"https:\/\/rmarqcollection.com.br\/?product=bracelete-masculino-material-couro-rm500","url_meta":{"origin":7462,"position":5},"title":"Bracelete Pulseira Masculina Couro Fivela Ajust\u00e1vel RM500","author":"cole\u00e7\u00e3o rmarq","date":"27\/12\/2023","format":false,"excerpt":"Em 12x confira formas de pagamentos. Tamanho: Ajust\u00e1vel (16 cm a 22 cm)\/Largura: (2,5 cm) Bracelete enfeite tress\u00ea. V\u00eddeo","rel":"","context":"Post similar","block_context":{"text":"Post similar","link":""},"img":{"alt_text":"","src":"https:\/\/i0.wp.com\/rmarqcollection.com.br\/wp-content\/uploads\/2023\/12\/Braceletes-RM500-2.png?fit=1200%2C1200&ssl=1&resize=350%2C200","width":350,"height":200,"srcset":"https:\/\/i0.wp.com\/rmarqcollection.com.br\/wp-content\/uploads\/2023\/12\/Braceletes-RM500-2.png?fit=1200%2C1200&ssl=1&resize=350%2C200 1x, https:\/\/i0.wp.com\/rmarqcollection.com.br\/wp-content\/uploads\/2023\/12\/Braceletes-RM500-2.png?fit=1200%2C1200&ssl=1&resize=525%2C300 1.5x, https:\/\/i0.wp.com\/rmarqcollection.com.br\/wp-content\/uploads\/2023\/12\/Braceletes-RM500-2.png?fit=1200%2C1200&ssl=1&resize=700%2C400 2x, https:\/\/i0.wp.com\/rmarqcollection.com.br\/wp-content\/uploads\/2023\/12\/Braceletes-RM500-2.png?fit=1200%2C1200&ssl=1&resize=1050%2C600 3x"},"classes":[]}],"jetpack_likes_enabled":true,"jetpack_sharing_enabled":true,"_links":{"self":[{"href":"https:\/\/rmarqcollection.com.br\/index.php?rest_route=\/wp\/v2\/product\/7462","targetHints":{"allow":["GET"]}}],"collection":[{"href":"https:\/\/rmarqcollection.com.br\/index.php?rest_route=\/wp\/v2\/product"}],"about":[{"href":"https:\/\/rmarqcollection.com.br\/index.php?rest_route=\/wp\/v2\/types\/product"}],"replies":[{"embeddable":true,"href":"https:\/\/rmarqcollection.com.br\/index.php?rest_route=%2Fwp%2Fv2%2Fcomments&post=7462"}],"wp:featuredmedia":[{"embeddable":true,"href":"https:\/\/rmarqcollection.com.br\/index.php?rest_route=\/wp\/v2\/media\/7471"}],"wp:attachment":[{"href":"https:\/\/rmarqcollection.com.br\/index.php?rest_route=%2Fwp%2Fv2%2Fmedia&parent=7462"}],"wp:term":[{"taxonomy":"product_brand","embeddable":true,"href":"https:\/\/rmarqcollection.com.br\/index.php?rest_route=%2Fwp%2Fv2%2Fproduct_brand&post=7462"},{"taxonomy":"product_cat","embeddable":true,"href":"https:\/\/rmarqcollection.com.br\/index.php?rest_route=%2Fwp%2Fv2%2Fproduct_cat&post=7462"},{"taxonomy":"product_tag","embeddable":true,"href":"https:\/\/rmarqcollection.com.br\/index.php?rest_route=%2Fwp%2Fv2%2Fproduct_tag&post=7462"}],"curies":[{"name":"wp","href":"https:\/\/api.w.org\/{rel}","templated":true}]}}